remainder when 20579319 is divided by 812.
803
Calculate the remainder when 75428345 is divided by 4699.
4696
What is the remainder when 23980946 is divided by 3150?
3146
Calculate the remainder when 892929 is divided by 297637.
18
Calculate the remainder when 9043585 is divided by 201.
193
Calculate the remainder when 17912 is divided by 4933.
3113
Calculate the remainder when 2490322 is divided by 6748.
310
What is the remainder when 202823406 is divided by 1867?
1861
Calculate the remainder when 850374 is divided by 9243.
18
What is the remainder when 427032840 is divided by 2883?
2880
Calculate the remainder when 488500 is divided by 469.
271
Calculate the remainder when 34669 is divided by 34549.
120
Calculate the remainder when 118504 is divided by 1594.
548
Calculate the remainder when 7769 is divided by 7350.
419
Calculate the remainder when 17381368 is divided by 93.
40
Calculate the remainder when 3806394 is divided by 3639.
0
What is the remainder when 28561 is divided by 2689?
1671
What is the remainder when 280977408 is divided by 14788284?
12
What is the remainder when 1958341 is divided by 2249?
1711
Calculate the remainder when 28162967 is divided by 5159.
5145
What is the remainder when 1170367 is divided by 1653?
43
What is the remainder when 101881 is divided by 259?
94
Calculate the remainder when 2075929 is divided by 1670.
119
Calculate the remainder when 12506 is divided by 1129.
87
What is the remainder when 4236230 is divided by 1076?
18
Calculate the remainder when 89572 is divided by 21808.
2340
Calculate the remainder when 221938 is divided by 109175.
3588
Calculate the remainder when 9950527 is divided by 2338.
2337
What is the remainder when 172736 is divided by 78?
44
Calculate the remainder when 1133003 is divided by 3423.
3413
Calculate the remainder when 982025 is divided by 75527.
174
Calculate the remainder when 29207783 is divided by 49.
10
Calculate the remainder when 1322122 is divided by 3443.
10
What is the remainder when 1347020 is divided by 336740?
60
What is the remainder when 1188222 is divided by 118819?
32
Calculate the remainder when 289832 is divided by 142485.
4862
Calculate the remainder when 724666 is divided by 241349.
619
What is the remainder when 2819644 is divided by 1149?
1147
What is the remainder when 4501317 is divided by 2235?
27
What is the remainder when 963739 is divided by 13507?
4742
Calculate the remainder when 104188 is divided by 778.
714
What is the remainder when 2299576 is divided by 2299569?
7
What is the remainder when 571410 is divided by 12?
6
Calculate the remainder when 1906113 is divided by 1332.
21
What is the remainder when 10029828 is divided by 9?
3
Calculate the remainder when 3841708 is divided by 104.
52
Calculate the remainder when 29044964 is divided by 347.
23
Calculate the remainder when 255647 is divided by 9431.
1010
What is the remainder when 77247 is divided by 625?
372
Calculate the remainder when 173145 is divided by 230.
185
What is the remainder when 3943936 is divided by 326?
314
Calculate the remainder when 3151428 is divided by 737.
16
What is the remainder when 12562558 is divided by 206?
60
Calculate the remainder when 236882 is divided by 4148.
446
What is the remainder when 14047856 is divided by 15?
11
What is the remainder when 173189 is divided by 491?
357
What is the remainder when 1751378 is divided by 437659?
742
Calculate the remainder when 142873 is divided by 7931.
115
Calculate the remainder when 4831148 is divided by 147.
140
What is the remainder when 92395873 is divided by 198?
163
What is the remainder when 32090307 is divided by 111?
96
Calculate the remainder when 25611517 is divided by 64.
61
Calculate the remainder when 1387240796 is divided by 96.
92
What is the remainder when 48746876 is divided by 117?
113
What is the remainder when 76953429 is divided by 15753?
24
What is the remainder when 17362051 is divided by 28556?
3
What is the remainder when 376318 is divided by 124783?
1969
What is the remainder when 45836 is divided by 6432?
812
What is the remainder when 83907 is divided by 3222?
135
Calculate the remainder when 118836112 is divided by 38.
4
Calculate the remainder when 1381373 is divided by 197078.
1827
What is the remainder when 407384 is divided by 517?
505
What is the remainder when 5429663 is divided by 5429623?
40
Calculate the remainder when 33355 is divided by 4138.
251
Calculate the remainder when 2131446 is divided by 30009.
807
Calculate the remainder when 35879 is divided by 309.
35
Calculate the remainder when 3910298 is divided by 977572.
10
Calculate the remainder when 97057 is divided by 6060.
97
What is the remainder when 186111 is divided by 832?
575
What is the remainder when 5760645 is divided by 294?
9
What is the remainder when 494925 is divided by 1542?
1485
Calculate the remainder when 7728474 is divided by 864.
858
Calculate the remainder when 1303008 is divided by 48214.
1230
Calculate the remainder when 4543276 is divided by 380.
376
Calculate the remainder when 14712292 is divided by 969.
934
What is the remainder when 83807 is divided by 6442?
61
Calculate the remainder when 314559 is divided by 4377.
3792
Calculate the remainder when 75787 is divided by 1713.
415
What is the remainder when 1211917 is divided by 724?
665
What is the remainder when 829873 is divided by 3937?
3103
What is the remainder when 8007463 is divided by 8007400?
63
Calculate the remainder when 1701783358 is divided by 477.
475
Calculate the remainder when 339862 is divided by 48353.
1391
What is the remainder when 359047 is divided by 504?
199
Calculate the remainder when 20359204 is divided by 9.
7
Calculate the remainder when 478645 is divided by 34170.
265
What is the remainder when 50845685 is divided by 8?
5
What is the remainder when 13208200 is divided by 262?
256
What is the remainder when 24522 is divided by 1358?
78
Calculate the remainder when 6572498 is divided by 193307.
60
What is the remainder when 807345 is divided by 987?
966
What is the remainder when 54858928 is divided by 671?
652
Calculate the remainder when 48863 is divided by 1755.
1478
What is the remainder when 3485516 is divided by 26?
8
Calculate the remainder when 16565400 is divided by 429.
423
What is the remainder when 8080770 is divided by 755?
5
Calculate the remainder when 2126564 is divided by 2206.
2186
Calculate the remainder when 3591220 is divided by 1702.
0
Calculate the remainder when 71312 is divided by 324.
32
What is the remainder when 2299993 is divided by 21?
10
What is the remainder when 1932300 is divided by 1932299?
1
Calculate the remainder when 887567 is divided by 1602.
59
Calculate the remainder when 43073493 is divided by 35.
8
Calculate the remainder when 13193390 is divided by 79.
74
What is the remainder when 1390917 is divided by 347728?
5
What is the remainder when 640414 is divided by 1883?
194
What is the remainder when 6478187 is divided by 11527?
13
What is the remainder when 5399481 is divided by 31392?
57
Calculate the remainder when 9434613 is divided by 133.
125
What is the remainder when 57043020 is divided by 1?
0
What is the remainder when 1880122876 is divided by 1818?
1816
Calculate the remainder when 2907475 is divided by 36803.
38
What is the remainder when 2505503 is divided by 7263?
7031
What is the remainder when 7630746 is divided by 700?
46
What is the remainder when 29613530 is divided by 923?
921
What is the remainder when 874016 is divided by 27?
26
What is the remainder when 17057 is divided by 707?
89
Calculate the remainder when 2850861 is divided by 4287.
6
Calculate the remainder when 99193 is divided by 3416.
129
Calculate the remainder when 4317028 is divided by 479669.
7
Calculate the remainder when 21949596 is divided by 80108.
4
What is the remainder when 164097 is divided by 1046?
921
Calculate the remainder when 18724531 is divided by 295.
291
Calculate the remainder when 5023 is divided by 4305.
718
Calculate the remainder when 1509713 is divided by 571.
560
Calculate the remainder when 11233301 is divided by 9416.
13
What is the remainder when 1438790 is divided by 479482?
344
Calculate the remainder when 2990500 is divided by 499.
492
What is the remainde